{"id":55,"date":"2025-01-24T10:56:17","date_gmt":"2025-01-24T09:56:17","guid":{"rendered":"https:\/\/association-enjeu.org\/site\/?page_id=55"},"modified":"2025-01-24T11:12:57","modified_gmt":"2025-01-24T10:12:57","slug":"fiche-dinscription","status":"publish","type":"page","link":"https:\/\/association-enjeu.org\/site\/secteur-formations\/formations-bafa\/fiche-dinscription\/","title":{"rendered":"Fiche d&rsquo;inscription"},"content":{"rendered":"\n<div class=\"wp-block-group alignfull\" style=\"margin-top:0;margin-bottom:0\"><div class=\"wp-block-group__inner-container is-layout-flow wp-block-group-is-layout-flow\"><\/div><\/div>\n\n\n\n<div data-wp-interactive=\"core\/file\" class=\"wp-block-file\"><object data-wp-bind--hidden=\"!state.hasPdfPreview\" hidden class=\"wp-block-file__embed\" data=\"https:\/\/association-enjeu.org\/site\/wp-content\/uploads\/2025\/01\/fiche-inscription-BAFA.pdf\" type=\"application\/pdf\" style=\"width:100%;height:600px\" aria-label=\"Contenu embarqu\u00e9 fiche inscription BAFA.\"><\/object><a id=\"wp-block-file--media-3f87ce08-0b28-4a1b-b11f-c5073d5c0489\" href=\"https:\/\/association-enjeu.org\/site\/wp-content\/uploads\/2025\/01\/fiche-inscription-BAFA.pdf\">fiche inscription BAFA<\/a><a href=\"https:\/\/association-enjeu.org\/site\/wp-content\/uploads\/2025\/01\/fiche-inscription-BAFA.pdf\" class=\"wp-block-file__button wp-element-button\" download aria-describedby=\"wp-block-file--media-3f87ce08-0b28-4a1b-b11f-c5073d5c0489\">T\u00e9l\u00e9charger<\/a><\/div>\n\n\n\n<p class=\"has-text-align-center has-medium-font-size\"><strong><em>\u00c0 compl\u00e9ter et \u00e0 d\u00e9poser \u00e0 l&rsquo;Association au 34 rue Marcel Dandre 62210 AVION<\/em><\/strong><\/p>\n","protected":false},"excerpt":{"rendered":"<p>\u00c0 compl\u00e9ter et \u00e0 d\u00e9poser \u00e0 l&rsquo;Association au 34 rue Marcel Dandre 62210 AVION<\/p>\n","protected":false},"author":2,"featured_media":0,"parent":24,"menu_order":0,"comment_status":"closed","ping_status":"closed","template":"","meta":{"footnotes":""},"class_list":["post-55","page","type-page","status-publish","hentry","entry"],"_links":{"self":[{"href":"https:\/\/association-enjeu.org\/site\/wp-json\/wp\/v2\/pages\/55","targetHints":{"allow":["GET"]}}],"collection":[{"href":"https:\/\/association-enjeu.org\/site\/wp-json\/wp\/v2\/pages"}],"about":[{"href":"https:\/\/association-enjeu.org\/site\/wp-json\/wp\/v2\/types\/page"}],"author":[{"embeddable":true,"href":"https:\/\/association-enjeu.org\/site\/wp-json\/wp\/v2\/users\/2"}],"replies":[{"embeddable":true,"href":"https:\/\/association-enjeu.org\/site\/wp-json\/wp\/v2\/comments?post=55"}],"version-history":[{"count":6,"href":"https:\/\/association-enjeu.org\/site\/wp-json\/wp\/v2\/pages\/55\/revisions"}],"predecessor-version":[{"id":64,"href":"https:\/\/association-enjeu.org\/site\/wp-json\/wp\/v2\/pages\/55\/revisions\/64"}],"up":[{"embeddable":true,"href":"https:\/\/association-enjeu.org\/site\/wp-json\/wp\/v2\/pages\/24"}],"wp:attachment":[{"href":"https:\/\/association-enjeu.org\/site\/wp-json\/wp\/v2\/media?parent=55"}],"curies":[{"name":"wp","href":"https:\/\/api.w.org\/{rel}","templated":true}]}}