{"id":1080,"date":"2025-10-10T15:28:58","date_gmt":"2025-10-10T13:28:58","guid":{"rendered":"https:\/\/association-enjeu.org\/site\/?page_id=1080"},"modified":"2025-10-10T16:26:23","modified_gmt":"2025-10-10T14:26:23","slug":"activite-de-quartier","status":"publish","type":"page","link":"https:\/\/association-enjeu.org\/site\/lassociation-2\/activite-de-quartier\/","title":{"rendered":"Activit\u00e9 de quartier"},"content":{"rendered":"\t\t<div data-elementor-type=\"wp-post\" data-elementor-id=\"1080\" class=\"elementor elementor-1080\">\n\t\t\t\t<div class=\"elementor-element elementor-element-cba60e6 e-flex e-con-boxed e-con e-parent\" data-id=\"cba60e6\" data-element_type=\"container\">\n\t\t\t\t\t<div class=\"e-con-inner\">\n\t\t\t\t<div class=\"elementor-element elementor-element-c09e161 elementor-widget elementor-widget-heading\" data-id=\"c09e161\" data-element_type=\"widget\" data-widget_type=\"heading.default\">\n\t\t\t\t\t<h2 class=\"elementor-heading-title elementor-size-default\">Activit\u00e9 de quartier<\/h2>\t\t\t\t<\/div>\n\t\t\t\t\t<\/div>\n\t\t\t\t<\/div>\n\t\t<div class=\"elementor-element elementor-element-8494c53 e-flex e-con-boxed e-con e-parent\" data-id=\"8494c53\" data-element_type=\"container\">\n\t\t\t\t\t<div class=\"e-con-inner\">\n\t\t<div class=\"elementor-element elementor-element-23b123c e-con-full e-flex e-con e-child\" data-id=\"23b123c\" data-element_type=\"container\">\n\t\t\t\t<div class=\"elementor-element elementor-element-412e41e elementor-widget elementor-widget-image\" data-id=\"412e41e\" data-element_type=\"widget\" data-widget_type=\"image.default\">\n\t\t\t\t\t\t\t\t\t\t\t\t<figure class=\"wp-caption\">\n\t\t\t\t\t\t\t\t\t\t<img fetchpriority=\"high\" decoding=\"async\" width=\"800\" height=\"535\" src=\"https:\/\/association-enjeu.org\/site\/wp-content\/uploads\/2025\/10\/dsc07148-jpg.jpg\" class=\"attachment-large size-large wp-image-1083\" alt=\"\" srcset=\"https:\/\/association-enjeu.org\/site\/wp-content\/uploads\/2025\/10\/dsc07148-jpg.jpg 800w, https:\/\/association-enjeu.org\/site\/wp-content\/uploads\/2025\/10\/dsc07148-jpg-300x201.jpg 300w, https:\/\/association-enjeu.org\/site\/wp-content\/uploads\/2025\/10\/dsc07148-jpg-768x514.jpg 768w\" sizes=\"(max-width: 800px) 100vw, 800px\" \/>\t\t\t\t\t\t\t\t\t\t\t<figcaption class=\"widget-image-caption wp-caption-text\">s\u00e9jour famille en Haute-Savoie<\/figcaption>\n\t\t\t\t\t\t\t\t\t\t<\/figure>\n\t\t\t\t\t\t\t\t\t<\/div>\n\t\t\t\t<\/div>\n\t\t<div class=\"elementor-element elementor-element-b950e5e e-con-full e-flex e-con e-child\" data-id=\"b950e5e\" data-element_type=\"container\">\n\t\t\t\t<div class=\"elementor-element elementor-element-3e3e677 elementor-widget elementor-widget-text-editor\" data-id=\"3e3e677\" data-element_type=\"widget\" data-widget_type=\"text-editor.default\">\n\t\t\t\t\t\t\t\t\t<p><strong>Ouvertes \u00e0 tous ceux et celles qui souhaitent changer le quotidien des enfants, des jeunes, les activit\u00e9s de quartier sont un mouvement associatif qui rassemble des enfants, des parents qui en commun mettent en place divers projets pour les enfants, les jeunes.<\/strong><\/p>\t\t\t\t\t\t\t\t<\/div>\n\t\t\t\t<\/div>\n\t\t\t\t\t<\/div>\n\t\t\t\t<\/div>\n\t\t<div class=\"elementor-element elementor-element-4a1e904 e-flex e-con-boxed e-con e-parent\" data-id=\"4a1e904\" data-element_type=\"container\">\n\t\t\t\t\t<div class=\"e-con-inner\">\n\t\t<div class=\"elementor-element elementor-element-33d8438 e-con-full e-flex e-con e-child\" data-id=\"33d8438\" data-element_type=\"container\">\n\t\t\t\t<div class=\"elementor-element elementor-element-cdc16c5 elementor-widget elementor-widget-image\" data-id=\"cdc16c5\" data-element_type=\"widget\" data-widget_type=\"image.default\">\n\t\t\t\t\t\t\t\t\t\t\t\t<figure class=\"wp-caption\">\n\t\t\t\t\t\t\t\t\t\t<img decoding=\"async\" width=\"600\" height=\"400\" src=\"https:\/\/association-enjeu.org\/site\/wp-content\/uploads\/2025\/10\/enjeu-0001.jpg\" class=\"attachment-full size-full wp-image-1084\" alt=\"\" srcset=\"https:\/\/association-enjeu.org\/site\/wp-content\/uploads\/2025\/10\/enjeu-0001.jpg 600w, https:\/\/association-enjeu.org\/site\/wp-content\/uploads\/2025\/10\/enjeu-0001-300x200.jpg 300w\" sizes=\"(max-width: 600px) 100vw, 600px\" \/>\t\t\t\t\t\t\t\t\t\t\t<figcaption class=\"widget-image-caption wp-caption-text\">Soir\u00e9e Zumba pour financer un projet<\/figcaption>\n\t\t\t\t\t\t\t\t\t\t<\/figure>\n\t\t\t\t\t\t\t\t\t<\/div>\n\t\t\t\t<\/div>\n\t\t<div class=\"elementor-element elementor-element-cd00bfc e-con-full e-flex e-con e-child\" data-id=\"cd00bfc\" data-element_type=\"container\">\n\t\t\t\t<div class=\"elementor-element elementor-element-a837ee7 elementor-widget elementor-widget-text-editor\" data-id=\"a837ee7\" data-element_type=\"widget\" data-widget_type=\"text-editor.default\">\n\t\t\t\t\t\t\t\t\t<p><strong>Elles se d\u00e9roulent les mercredis et samedi apr\u00e8s-midi et sont encadr\u00e9es b\u00e9n\u00e9volement par des jeunes, des parents sur des th\u00e9matiques (La paix, l\u2019environnement, la g\u00e9n\u00e9tique, le d\u00e9veloppement durable, les droits de l\u2019enfant\u2026)<\/strong><\/p><p><strong>Les associations de quartier sont ouvertes \u00e0 tous ceux qui veulent agir en faveur des enfants, pour d\u00e9velopper des loisirs, d\u00e9fendre les droits des enfants, r\u00e9pondre \u00e0 des besoins, agir sur les r\u00e9alit\u00e9s du quartier, mettre en commun des pr\u00e9occupations\u2026.<\/strong><\/p>\t\t\t\t\t\t\t\t<\/div>\n\t\t\t\t<\/div>\n\t\t\t\t\t<\/div>\n\t\t\t\t<\/div>\n\t\t<div class=\"elementor-element elementor-element-b962f70 e-flex e-con-boxed e-con e-parent\" data-id=\"b962f70\" data-element_type=\"container\">\n\t\t\t\t\t<div class=\"e-con-inner\">\n\t\t<div class=\"elementor-element elementor-element-bf52dbd e-con-full e-flex e-con e-child\" data-id=\"bf52dbd\" data-element_type=\"container\">\n\t\t\t\t<div class=\"elementor-element elementor-element-872fe19 elementor-widget elementor-widget-image\" data-id=\"872fe19\" data-element_type=\"widget\" data-widget_type=\"image.default\">\n\t\t\t\t\t\t\t\t\t\t\t\t\t\t\t<img decoding=\"async\" width=\"800\" height=\"597\" src=\"https:\/\/association-enjeu.org\/site\/wp-content\/uploads\/2025\/10\/img-0584-jpg.jpg\" class=\"attachment-large size-large wp-image-1088\" alt=\"\" srcset=\"https:\/\/association-enjeu.org\/site\/wp-content\/uploads\/2025\/10\/img-0584-jpg.jpg 800w, https:\/\/association-enjeu.org\/site\/wp-content\/uploads\/2025\/10\/img-0584-jpg-300x224.jpg 300w, https:\/\/association-enjeu.org\/site\/wp-content\/uploads\/2025\/10\/img-0584-jpg-768x573.jpg 768w\" sizes=\"(max-width: 800px) 100vw, 800px\" \/>\t\t\t\t\t\t\t\t\t\t\t\t\t\t\t<\/div>\n\t\t\t\t<div class=\"elementor-element elementor-element-b949a15 elementor-widget elementor-widget-heading\" data-id=\"b949a15\" data-element_type=\"widget\" data-widget_type=\"heading.default\">\n\t\t\t\t\t<h2 class=\"elementor-heading-title elementor-size-default\">Cr\u00e9er des associations de quartier :<\/h2>\t\t\t\t<\/div>\n\t\t\t\t<div class=\"elementor-element elementor-element-609b604 elementor-widget elementor-widget-text-editor\" data-id=\"609b604\" data-element_type=\"widget\" data-widget_type=\"text-editor.default\">\n\t\t\t\t\t\t\t\t\t<ul><li><strong>C\u2019est se doter d\u2019outils d\u2019\u00e9ducation et de lutte pour cr\u00e9er des lieux d\u2019\u00e9changes et d\u2019actions appartenant \u00e0 tous les gens qui composent le quartier.<\/strong><\/li><li><strong>C\u2019est se doter d\u2019un outil qui participe \u00e0 construire du changement tout de suite dans la vie des enfants et dans la vie du quartier.<\/strong><\/li><\/ul><p><strong>Cette d\u00e9marche ouverte qui caract\u00e9rise les associations de quartiers, se nourrit notamment de la mise en oeuvre des \u00e9v\u00e8nements de quartier.<\/strong><\/p>\t\t\t\t\t\t\t\t<\/div>\n\t\t\t\t<\/div>\n\t\t<div class=\"elementor-element elementor-element-375d669 e-con-full e-flex e-con e-child\" data-id=\"375d669\" data-element_type=\"container\">\n\t\t\t\t<div class=\"elementor-element elementor-element-74bdd7f elementor-widget elementor-widget-image\" data-id=\"74bdd7f\" data-element_type=\"widget\" data-widget_type=\"image.default\">\n\t\t\t\t\t\t\t\t\t\t\t\t\t\t\t<img loading=\"lazy\" decoding=\"async\" width=\"1024\" height=\"768\" src=\"https:\/\/association-enjeu.org\/site\/wp-content\/uploads\/2025\/02\/equipe-1024x768.jpg\" class=\"attachment-large size-large wp-image-448\" alt=\"\" srcset=\"https:\/\/association-enjeu.org\/site\/wp-content\/uploads\/2025\/02\/equipe-1024x768.jpg 1024w, https:\/\/association-enjeu.org\/site\/wp-content\/uploads\/2025\/02\/equipe-300x225.jpg 300w, https:\/\/association-enjeu.org\/site\/wp-content\/uploads\/2025\/02\/equipe-768x576.jpg 768w, https:\/\/association-enjeu.org\/site\/wp-content\/uploads\/2025\/02\/equipe.jpg 1440w\" sizes=\"(max-width: 1024px) 100vw, 1024px\" \/>\t\t\t\t\t\t\t\t\t\t\t\t\t\t\t<\/div>\n\t\t\t\t<div class=\"elementor-element elementor-element-ec6a3e1 elementor-widget elementor-widget-heading\" data-id=\"ec6a3e1\" data-element_type=\"widget\" data-widget_type=\"heading.default\">\n\t\t\t\t\t<h2 class=\"elementor-heading-title elementor-size-default\">Qu'entend-on par \u00e9v\u00e8nement de quartier ? <\/h2>\t\t\t\t<\/div>\n\t\t\t\t<div class=\"elementor-element elementor-element-75f628a elementor-widget elementor-widget-text-editor\" data-id=\"75f628a\" data-element_type=\"widget\" data-widget_type=\"text-editor.default\">\n\t\t\t\t\t\t\t\t\t<p><strong>Il s\u2019agit de :<\/strong><\/p><p><strong>Construire un projet porteur de contenus \u00e9ducatifs riches, un projet porteur de changement dans la vie du quartier.<\/strong><br \/><strong>Un projet con\u00e7u, pr\u00e9par\u00e9 et r\u00e9alis\u00e9 avec les enfants, les jeunes, les associations de quartier.<\/strong><br \/><strong>Un \u00e9v\u00e8nement avec une forte dimension d\u2019\u00e9ducation populaire, ouvert \u00e0 tous et qui mobilise le quartier.<\/strong><\/p>\t\t\t\t\t\t\t\t<\/div>\n\t\t\t\t<\/div>\n\t\t\t\t\t<\/div>\n\t\t\t\t<\/div>\n\t\t\t\t<\/div>\n\t\t","protected":false},"excerpt":{"rendered":"<p>Activit\u00e9 de quartier s\u00e9jour famille en Haute-Savoie Ouvertes \u00e0 tous ceux et celles qui souhaitent changer le quotidien des enfants, des jeunes, les activit\u00e9s de quartier sont un mouvement associatif qui rassemble des enfants, des parents qui en commun mettent en place divers projets pour les enfants, les jeunes. Soir\u00e9e Zumba pour financer un projet [&hellip;]<\/p>\n","protected":false},"author":2,"featured_media":0,"parent":851,"menu_order":0,"comment_status":"closed","ping_status":"closed","template":"","meta":{"footnotes":""},"class_list":["post-1080","page","type-page","status-publish","hentry","entry"],"_links":{"self":[{"href":"https:\/\/association-enjeu.org\/site\/wp-json\/wp\/v2\/pages\/1080","targetHints":{"allow":["GET"]}}],"collection":[{"href":"https:\/\/association-enjeu.org\/site\/wp-json\/wp\/v2\/pages"}],"about":[{"href":"https:\/\/association-enjeu.org\/site\/wp-json\/wp\/v2\/types\/page"}],"author":[{"embeddable":true,"href":"https:\/\/association-enjeu.org\/site\/wp-json\/wp\/v2\/users\/2"}],"replies":[{"embeddable":true,"href":"https:\/\/association-enjeu.org\/site\/wp-json\/wp\/v2\/comments?post=1080"}],"version-history":[{"count":7,"href":"https:\/\/association-enjeu.org\/site\/wp-json\/wp\/v2\/pages\/1080\/revisions"}],"predecessor-version":[{"id":1104,"href":"https:\/\/association-enjeu.org\/site\/wp-json\/wp\/v2\/pages\/1080\/revisions\/1104"}],"up":[{"embeddable":true,"href":"https:\/\/association-enjeu.org\/site\/wp-json\/wp\/v2\/pages\/851"}],"wp:attachment":[{"href":"https:\/\/association-enjeu.org\/site\/wp-json\/wp\/v2\/media?parent=1080"}],"curies":[{"name":"wp","href":"https:\/\/api.w.org\/{rel}","templated":true}]}}