{"id":1032,"date":"2025-10-10T14:54:55","date_gmt":"2025-10-10T12:54:55","guid":{"rendered":"https:\/\/association-enjeu.org\/site\/?page_id=1032"},"modified":"2025-10-10T15:14:03","modified_gmt":"2025-10-10T13:14:03","slug":"la-rue-aux-enfants","status":"publish","type":"page","link":"https:\/\/association-enjeu.org\/site\/secteur-initiatives\/la-rue-aux-enfants\/","title":{"rendered":"La Rue aux Enfants"},"content":{"rendered":"\t\t<div data-elementor-type=\"wp-post\" data-elementor-id=\"1032\" class=\"elementor elementor-1032\">\n\t\t\t\t<div class=\"elementor-element elementor-element-7e80a81 e-flex e-con-boxed e-con e-parent\" data-id=\"7e80a81\" data-element_type=\"container\" data-settings=\"{&quot;background_background&quot;:&quot;classic&quot;}\">\n\t\t\t\t\t<div class=\"e-con-inner\">\n\t\t\t\t<div class=\"elementor-element elementor-element-bbdf566 elementor-widget elementor-widget-heading\" data-id=\"bbdf566\" data-element_type=\"widget\" data-widget_type=\"heading.default\">\n\t\t\t\t\t<h1 class=\"elementor-heading-title elementor-size-default\">Pourquoi une rue aux Enfants?<\/h1>\t\t\t\t<\/div>\n\t\t\t\t\t<\/div>\n\t\t\t\t<\/div>\n\t\t<div class=\"elementor-element elementor-element-62ff5ea e-flex e-con-boxed e-con e-parent\" data-id=\"62ff5ea\" data-element_type=\"container\">\n\t\t\t\t\t<div class=\"e-con-inner\">\n\t\t\t\t<div class=\"elementor-element elementor-element-82032cd elementor-widget elementor-widget-heading\" data-id=\"82032cd\" data-element_type=\"widget\" data-widget_type=\"heading.default\">\n\t\t\t\t\t<h2 class=\"elementor-heading-title elementor-size-default\">Les objectifs d'un temps fort populaire<\/h2>\t\t\t\t<\/div>\n\t\t\t\t<div class=\"elementor-element elementor-element-c7c8370 elementor-widget elementor-widget-text-editor\" data-id=\"c7c8370\" data-element_type=\"widget\" data-widget_type=\"text-editor.default\">\n\t\t\t\t\t\t\t\t\t<p>Cr\u00e9er un moment convivial ouvert \u00e0 tous<br \/>Divertir et rassembler les enfants et les parents,<br \/>Investir et r\u00e9investir le quartier par des temps festifs,<br \/>Promouvoir la vie du quartier reconqu\u00e9rir la rue, se r\u00e9approprier le quartier,<br \/>Partager des \u00e9changes interg\u00e9n\u00e9rationnels,<br \/>Lutter contre l\u2019isolement,<br \/>Faire vivre le quartier,<br \/>Permettre \u00e0 la population de s\u2019\u00e9vader,<br \/>Pour participer \u00e0 l\u2019am\u00e9lioration du \u00ab vivre ensemble \u00bb.<\/p>\t\t\t\t\t\t\t\t<\/div>\n\t\t\t\t\t<\/div>\n\t\t\t\t<\/div>\n\t\t<div class=\"elementor-element elementor-element-1398577 e-flex e-con-boxed e-con e-parent\" data-id=\"1398577\" data-element_type=\"container\">\n\t\t\t\t\t<div class=\"e-con-inner\">\n\t\t<div class=\"elementor-element elementor-element-37fe155 e-con-full e-flex e-con e-child\" data-id=\"37fe155\" data-element_type=\"container\">\n\t\t\t\t<div class=\"elementor-element elementor-element-dbf1019 elementor-widget elementor-widget-image\" data-id=\"dbf1019\" data-element_type=\"widget\" data-widget_type=\"image.default\">\n\t\t\t\t\t\t\t\t\t\t\t\t\t\t\t<img fetchpriority=\"high\" decoding=\"async\" width=\"640\" height=\"427\" src=\"https:\/\/association-enjeu.org\/site\/wp-content\/uploads\/2025\/01\/IMG_2056-1.jpg\" class=\"attachment-large size-large wp-image-255\" alt=\"\" srcset=\"https:\/\/association-enjeu.org\/site\/wp-content\/uploads\/2025\/01\/IMG_2056-1.jpg 640w, https:\/\/association-enjeu.org\/site\/wp-content\/uploads\/2025\/01\/IMG_2056-1-300x200.jpg 300w\" sizes=\"(max-width: 640px) 100vw, 640px\" \/>\t\t\t\t\t\t\t\t\t\t\t\t\t\t\t<\/div>\n\t\t\t\t<div class=\"elementor-element elementor-element-d19212d elementor-widget elementor-widget-heading\" data-id=\"d19212d\" data-element_type=\"widget\" data-widget_type=\"heading.default\">\n\t\t\t\t\t<h2 class=\"elementor-heading-title elementor-size-default\">Cette action s'adresse...<\/h2>\t\t\t\t<\/div>\n\t\t\t\t<div class=\"elementor-element elementor-element-d3c498f elementor-widget elementor-widget-text-editor\" data-id=\"d3c498f\" data-element_type=\"widget\" data-widget_type=\"text-editor.default\">\n\t\t\t\t\t\t\t\t\t<p><strong>Aux habitants d\u2019un quartier, de la commune,<\/strong><br \/><strong>Aux accueils collectifs de mineurs,<\/strong><br \/><strong>Aux centres sociaux<\/strong><br \/><strong>La rue aux enfants c\u2019est :<\/strong><\/p><p><strong>Des jeux anciens<\/strong><br \/><strong>Des ateliers p\u00e9dagogiques,<\/strong><br \/><strong>Des ateliers sportifs,<\/strong><br \/><strong>Structures gonflables \u2026<\/strong><\/p>\t\t\t\t\t\t\t\t<\/div>\n\t\t\t\t<\/div>\n\t\t<div class=\"elementor-element elementor-element-20331e0 e-con-full e-flex e-con e-child\" data-id=\"20331e0\" data-element_type=\"container\">\n\t\t\t\t<div class=\"elementor-element elementor-element-5a218ef elementor-widget elementor-widget-image\" data-id=\"5a218ef\" data-element_type=\"widget\" data-widget_type=\"image.default\">\n\t\t\t\t\t\t\t\t\t\t\t\t\t\t\t<img decoding=\"async\" width=\"630\" height=\"420\" src=\"https:\/\/association-enjeu.org\/site\/wp-content\/uploads\/2025\/01\/centrale-7-1.jpg\" class=\"attachment-large size-large wp-image-253\" alt=\"\" srcset=\"https:\/\/association-enjeu.org\/site\/wp-content\/uploads\/2025\/01\/centrale-7-1.jpg 630w, https:\/\/association-enjeu.org\/site\/wp-content\/uploads\/2025\/01\/centrale-7-1-300x200.jpg 300w\" sizes=\"(max-width: 630px) 100vw, 630px\" \/>\t\t\t\t\t\t\t\t\t\t\t\t\t\t\t<\/div>\n\t\t\t\t<div class=\"elementor-element elementor-element-824e097 elementor-widget elementor-widget-heading\" data-id=\"824e097\" data-element_type=\"widget\" data-widget_type=\"heading.default\">\n\t\t\t\t\t<h2 class=\"elementor-heading-title elementor-size-default\">Tarifs<\/h2>\t\t\t\t<\/div>\n\t\t\t\t<div class=\"elementor-element elementor-element-ad160a2 elementor-widget elementor-widget-text-editor\" data-id=\"ad160a2\" data-element_type=\"widget\" data-widget_type=\"text-editor.default\">\n\t\t\t\t\t\t\t\t\t<p><strong>750,00 \u20ac La demi-journ\u00e9e<\/strong><\/p><p><strong>Ce tarif comprend :<\/strong><br \/><strong>3 animateurs<\/strong><br \/><strong>Les diff\u00e9rents ateliers<\/strong><br \/><strong>Les frais de transports<\/strong><\/p><p><strong>Plus de renseignements, contactez nous au : 03.21.28.30.89.<\/strong><\/p>\t\t\t\t\t\t\t\t<\/div>\n\t\t\t\t<\/div>\n\t\t\t\t\t<\/div>\n\t\t\t\t<\/div>\n\t\t<div class=\"elementor-element elementor-element-2ff0908 e-flex e-con-boxed e-con e-parent\" data-id=\"2ff0908\" data-element_type=\"container\">\n\t\t\t\t\t<div class=\"e-con-inner\">\n\t\t\t\t<div class=\"elementor-element elementor-element-f003d4c elementor-arrows-position-inside elementor-pagination-position-outside elementor-widget elementor-widget-image-carousel\" data-id=\"f003d4c\" data-element_type=\"widget\" data-settings=\"{&quot;navigation&quot;:&quot;both&quot;,&quot;autoplay&quot;:&quot;yes&quot;,&quot;pause_on_hover&quot;:&quot;yes&quot;,&quot;pause_on_interaction&quot;:&quot;yes&quot;,&quot;autoplay_speed&quot;:5000,&quot;infinite&quot;:&quot;yes&quot;,&quot;speed&quot;:500}\" data-widget_type=\"image-carousel.default\">\n\t\t\t\t\t\t\t<div class=\"elementor-image-carousel-wrapper swiper\" role=\"region\" aria-roledescription=\"carousel\" aria-label=\"Carrousel d\u2019images\" dir=\"ltr\">\n\t\t\t<div class=\"elementor-image-carousel swiper-wrapper\" aria-live=\"off\">\n\t\t\t\t\t\t\t\t<div class=\"swiper-slide\" role=\"group\" aria-roledescription=\"slide\" aria-label=\"1 sur 5\"><figure class=\"swiper-slide-inner\"><img decoding=\"async\" class=\"swiper-slide-image\" src=\"https:\/\/association-enjeu.org\/site\/wp-content\/uploads\/2025\/01\/IMG_1123-2.jpeg\" alt=\"IMG_1123\" \/><\/figure><\/div><div class=\"swiper-slide\" role=\"group\" aria-roledescription=\"slide\" aria-label=\"2 sur 5\"><figure class=\"swiper-slide-inner\"><img decoding=\"async\" class=\"swiper-slide-image\" src=\"https:\/\/association-enjeu.org\/site\/wp-content\/uploads\/2025\/01\/64744089593__95C1A110-3A04-4CAA-ACED-B26954C286DF-2.jpeg\" alt=\"64744089593__95C1A110-3A04-4CAA-ACED-B26954C286DF\" \/><\/figure><\/div><div class=\"swiper-slide\" role=\"group\" aria-roledescription=\"slide\" aria-label=\"3 sur 5\"><figure class=\"swiper-slide-inner\"><img decoding=\"async\" class=\"swiper-slide-image\" src=\"https:\/\/association-enjeu.org\/site\/wp-content\/uploads\/2025\/01\/IMG_1100-1.jpeg\" alt=\"IMG_1100\" \/><\/figure><\/div><div class=\"swiper-slide\" role=\"group\" aria-roledescription=\"slide\" aria-label=\"4 sur 5\"><figure class=\"swiper-slide-inner\"><img decoding=\"async\" class=\"swiper-slide-image\" src=\"https:\/\/association-enjeu.org\/site\/wp-content\/uploads\/2025\/01\/IMG_1077.jpeg\" alt=\"IMG_1077\" \/><\/figure><\/div><div class=\"swiper-slide\" role=\"group\" aria-roledescription=\"slide\" aria-label=\"5 sur 5\"><figure class=\"swiper-slide-inner\"><img decoding=\"async\" class=\"swiper-slide-image\" src=\"https:\/\/association-enjeu.org\/site\/wp-content\/uploads\/2025\/01\/IMG_1124.jpeg\" alt=\"IMG_1124\" \/><\/figure><\/div>\t\t\t<\/div>\n\t\t\t\t\t\t\t\t\t\t\t\t<div class=\"elementor-swiper-button elementor-swiper-button-prev\" role=\"button\" tabindex=\"0\">\n\t\t\t\t\t\t<svg aria-hidden=\"true\" class=\"e-font-icon-svg e-eicon-chevron-left\" viewBox=\"0 0 1000 1000\" xmlns=\"http:\/\/www.w3.org\/2000\/svg\"><path d=\"M646 125C629 125 613 133 604 142L308 442C296 454 292 471 292 487 292 504 296 521 308 533L604 854C617 867 629 875 646 875 663 875 679 871 692 858 704 846 713 829 713 812 713 796 708 779 692 767L438 487 692 225C700 217 708 204 708 187 708 171 704 154 692 142 675 129 663 125 646 125Z\"><\/path><\/svg>\t\t\t\t\t<\/div>\n\t\t\t\t\t<div class=\"elementor-swiper-button elementor-swiper-button-next\" role=\"button\" tabindex=\"0\">\n\t\t\t\t\t\t<svg aria-hidden=\"true\" class=\"e-font-icon-svg e-eicon-chevron-right\" viewBox=\"0 0 1000 1000\" xmlns=\"http:\/\/www.w3.org\/2000\/svg\"><path d=\"M696 533C708 521 713 504 713 487 713 471 708 454 696 446L400 146C388 133 375 125 354 125 338 125 325 129 313 142 300 154 292 171 292 187 292 204 296 221 308 233L563 492 304 771C292 783 288 800 288 817 288 833 296 850 308 863 321 871 338 875 354 875 371 875 388 867 400 854L696 533Z\"><\/path><\/svg>\t\t\t\t\t<\/div>\n\t\t\t\t\n\t\t\t\t\t\t\t\t\t<div class=\"swiper-pagination\"><\/div>\n\t\t\t\t\t\t\t\t\t<\/div>\n\t\t\t\t\t\t<\/div>\n\t\t\t\t\t<\/div>\n\t\t\t\t<\/div>\n\t\t\t\t<\/div>\n\t\t","protected":false},"excerpt":{"rendered":"<p>Pourquoi une rue aux Enfants? Les objectifs d&rsquo;un temps fort populaire Cr\u00e9er un moment convivial ouvert \u00e0 tousDivertir et rassembler les enfants et les parents,Investir et r\u00e9investir le quartier par des temps festifs,Promouvoir la vie du quartier reconqu\u00e9rir la rue, se r\u00e9approprier le quartier,Partager des \u00e9changes interg\u00e9n\u00e9rationnels,Lutter contre l\u2019isolement,Faire vivre le quartier,Permettre \u00e0 la population [&hellip;]<\/p>\n","protected":false},"author":2,"featured_media":0,"parent":287,"menu_order":0,"comment_status":"closed","ping_status":"closed","template":"","meta":{"footnotes":""},"class_list":["post-1032","page","type-page","status-publish","hentry","entry"],"_links":{"self":[{"href":"https:\/\/association-enjeu.org\/site\/wp-json\/wp\/v2\/pages\/1032","targetHints":{"allow":["GET"]}}],"collection":[{"href":"https:\/\/association-enjeu.org\/site\/wp-json\/wp\/v2\/pages"}],"about":[{"href":"https:\/\/association-enjeu.org\/site\/wp-json\/wp\/v2\/types\/page"}],"author":[{"embeddable":true,"href":"https:\/\/association-enjeu.org\/site\/wp-json\/wp\/v2\/users\/2"}],"replies":[{"embeddable":true,"href":"https:\/\/association-enjeu.org\/site\/wp-json\/wp\/v2\/comments?post=1032"}],"version-history":[{"count":12,"href":"https:\/\/association-enjeu.org\/site\/wp-json\/wp\/v2\/pages\/1032\/revisions"}],"predecessor-version":[{"id":1062,"href":"https:\/\/association-enjeu.org\/site\/wp-json\/wp\/v2\/pages\/1032\/revisions\/1062"}],"up":[{"embeddable":true,"href":"https:\/\/association-enjeu.org\/site\/wp-json\/wp\/v2\/pages\/287"}],"wp:attachment":[{"href":"https:\/\/association-enjeu.org\/site\/wp-json\/wp\/v2\/media?parent=1032"}],"curies":[{"name":"wp","href":"https:\/\/api.w.org\/{rel}","templated":true}]}}

<div data-elementor-type="wp-post" data-elementor-id="1032" class="elementor elementor-1032">
				<div class="elementor-element elementor-element-7e80a81 e-flex e-con-boxed e-con e-parent" data-id="7e80a81" data-element_type="container" data-settings="{&quot;background_background&quot;:&quot;classic&quot;}">
					<div class="e-con-inner">
				<div class="elementor-element elementor-element-bbdf566 elementor-widget elementor-widget-heading" data-id="bbdf566" data-element_type="widget" data-widget_type="heading.default">
					<h1 class="elementor-heading-title elementor-size-default">Pourquoi une rue aux Enfants?</h1>				</div>
					</div>
				</div>
		<div class="elementor-element elementor-element-62ff5ea e-flex e-con-boxed e-con e-parent" data-id="62ff5ea" data-element_type="container">
					<div class="e-con-inner">
				<div class="elementor-element elementor-element-82032cd elementor-widget elementor-widget-heading" data-id="82032cd" data-element_type="widget" data-widget_type="heading.default">
					<h2 class="elementor-heading-title elementor-size-default">Les objectifs d'un temps fort populaire</h2>				</div>
				<div class="elementor-element elementor-element-c7c8370 elementor-widget elementor-widget-text-editor" data-id="c7c8370" data-element_type="widget" data-widget_type="text-editor.default">
									<p>Créer un moment convivial ouvert à tous<br />Divertir et rassembler les enfants et les parents,<br />Investir et réinvestir le quartier par des temps festifs,<br />Promouvoir la vie du quartier reconquérir la rue, se réapproprier le quartier,<br />Partager des échanges intergénérationnels,<br />Lutter contre l’isolement,<br />Faire vivre le quartier,<br />Permettre à la population de s’évader,<br />Pour participer à l’amélioration du « vivre ensemble ».</p>								</div>
					</div>
				</div>
		<div class="elementor-element elementor-element-1398577 e-flex e-con-boxed e-con e-parent" data-id="1398577" data-element_type="container">
					<div class="e-con-inner">
		<div class="elementor-element elementor-element-37fe155 e-con-full e-flex e-con e-child" data-id="37fe155" data-element_type="container">
				<div class="elementor-element elementor-element-dbf1019 elementor-widget elementor-widget-image" data-id="dbf1019" data-element_type="widget" data-widget_type="image.default">
															<img fetchpriority="high" decoding="async" width="640" height="427" src="https://association-enjeu.org/site/wp-content/uploads/2025/01/IMG_2056-1.jpg" class="attachment-large size-large wp-image-255" alt="" srcset="https://association-enjeu.org/site/wp-content/uploads/2025/01/IMG_2056-1.jpg 640w, https://association-enjeu.org/site/wp-content/uploads/2025/01/IMG_2056-1-300x200.jpg 300w" sizes="(max-width: 640px) 100vw, 640px" />															</div>
				<div class="elementor-element elementor-element-d19212d elementor-widget elementor-widget-heading" data-id="d19212d" data-element_type="widget" data-widget_type="heading.default">
					<h2 class="elementor-heading-title elementor-size-default">Cette action s'adresse...</h2>				</div>
				<div class="elementor-element elementor-element-d3c498f elementor-widget elementor-widget-text-editor" data-id="d3c498f" data-element_type="widget" data-widget_type="text-editor.default">
									<p><strong>Aux habitants d’un quartier, de la commune,</strong><br /><strong>Aux accueils collectifs de mineurs,</strong><br /><strong>Aux centres sociaux</strong><br /><strong>La rue aux enfants c’est :</strong></p><p><strong>Des jeux anciens</strong><br /><strong>Des ateliers pédagogiques,</strong><br /><strong>Des ateliers sportifs,</strong><br /><strong>Structures gonflables …</strong></p>								</div>
				</div>
		<div class="elementor-element elementor-element-20331e0 e-con-full e-flex e-con e-child" data-id="20331e0" data-element_type="container">
				<div class="elementor-element elementor-element-5a218ef elementor-widget elementor-widget-image" data-id="5a218ef" data-element_type="widget" data-widget_type="image.default">
															<img decoding="async" width="630" height="420" src="https://association-enjeu.org/site/wp-content/uploads/2025/01/centrale-7-1.jpg" class="attachment-large size-large wp-image-253" alt="" srcset="https://association-enjeu.org/site/wp-content/uploads/2025/01/centrale-7-1.jpg 630w, https://association-enjeu.org/site/wp-content/uploads/2025/01/centrale-7-1-300x200.jpg 300w" sizes="(max-width: 630px) 100vw, 630px" />															</div>
				<div class="elementor-element elementor-element-824e097 elementor-widget elementor-widget-heading" data-id="824e097" data-element_type="widget" data-widget_type="heading.default">
					<h2 class="elementor-heading-title elementor-size-default">Tarifs</h2>				</div>
				<div class="elementor-element elementor-element-ad160a2 elementor-widget elementor-widget-text-editor" data-id="ad160a2" data-element_type="widget" data-widget_type="text-editor.default">
									<p><strong>750,00 € La demi-journée</strong></p><p><strong>Ce tarif comprend :</strong><br /><strong>3 animateurs</strong><br /><strong>Les différents ateliers</strong><br /><strong>Les frais de transports</strong></p><p><strong>Plus de renseignements, contactez nous au : 03.21.28.30.89.</strong></p>								</div>
				</div>
					</div>
				</div>
		<div class="elementor-element elementor-element-2ff0908 e-flex e-con-boxed e-con e-parent" data-id="2ff0908" data-element_type="container">
					<div class="e-con-inner">
				<div class="elementor-element elementor-element-f003d4c elementor-arrows-position-inside elementor-pagination-position-outside elementor-widget elementor-widget-image-carousel" data-id="f003d4c" data-element_type="widget" data-settings="{&quot;navigation&quot;:&quot;both&quot;,&quot;autoplay&quot;:&quot;yes&quot;,&quot;pause_on_hover&quot;:&quot;yes&quot;,&quot;pause_on_interaction&quot;:&quot;yes&quot;,&quot;autoplay_speed&quot;:5000,&quot;infinite&quot;:&quot;yes&quot;,&quot;speed&quot;:500}" data-widget_type="image-carousel.default">
							<div class="elementor-image-carousel-wrapper swiper" role="region" aria-roledescription="carousel" aria-label="Carrousel d’images" dir="ltr">
			<div class="elementor-image-carousel swiper-wrapper" aria-live="off">
								<div class="swiper-slide" role="group" aria-roledescription="slide" aria-label="1 sur 5"><figure class="swiper-slide-inner"><img decoding="async" class="swiper-slide-image" src="https://association-enjeu.org/site/wp-content/uploads/2025/01/IMG_1123-2.jpeg" alt="IMG_1123" /></figure></div><div class="swiper-slide" role="group" aria-roledescription="slide" aria-label="2 sur 5"><figure class="swiper-slide-inner"><img decoding="async" class="swiper-slide-image" src="https://association-enjeu.org/site/wp-content/uploads/2025/01/64744089593__95C1A110-3A04-4CAA-ACED-B26954C286DF-2.jpeg" alt="64744089593__95C1A110-3A04-4CAA-ACED-B26954C286DF" /></figure></div><div class="swiper-slide" role="group" aria-roledescription="slide" aria-label="3 sur 5"><figure class="swiper-slide-inner"><img decoding="async" class="swiper-slide-image" src="https://association-enjeu.org/site/wp-content/uploads/2025/01/IMG_1100-1.jpeg" alt="IMG_1100" /></figure></div><div class="swiper-slide" role="group" aria-roledescription="slide" aria-label="4 sur 5"><figure class="swiper-slide-inner"><img decoding="async" class="swiper-slide-image" src="https://association-enjeu.org/site/wp-content/uploads/2025/01/IMG_1077.jpeg" alt="IMG_1077" /></figure></div><div class="swiper-slide" role="group" aria-roledescription="slide" aria-label="5 sur 5"><figure class="swiper-slide-inner"><img decoding="async" class="swiper-slide-image" src="https://association-enjeu.org/site/wp-content/uploads/2025/01/IMG_1124.jpeg" alt="IMG_1124" /></figure></div>			</div>
												<div class="elementor-swiper-button elementor-swiper-button-prev" role="button" tabindex="0">
						<svg aria-hidden="true" class="e-font-icon-svg e-eicon-chevron-left" viewBox="0 0 1000 1000" xmlns="http://www.w3.org/2000/svg"><path d="M646 125C629 125 613 133 604 142L308 442C296 454 292 471 292 487 292 504 296 521 308 533L604 854C617 867 629 875 646 875 663 875 679 871 692 858 704 846 713 829 713 812 713 796 708 779 692 767L438 487 692 225C700 217 708 204 708 187 708 171 704 154 692 142 675 129 663 125 646 125Z"></path></svg>					</div>
					<div class="elementor-swiper-button elementor-swiper-button-next" role="button" tabindex="0">
						<svg aria-hidden="true" class="e-font-icon-svg e-eicon-chevron-right" viewBox="0 0 1000 1000" xmlns="http://www.w3.org/2000/svg"><path d="M696 533C708 521 713 504 713 487 713 471 708 454 696 446L400 146C388 133 375 125 354 125 338 125 325 129 313 142 300 154 292 171 292 187 292 204 296 221 308 233L563 492 304 771C292 783 288 800 288 817 288 833 296 850 308 863 321 871 338 875 354 875 371 875 388 867 400 854L696 533Z"></path></svg>					</div>
				
									<div class="swiper-pagination"></div>
									</div>
						</div>
					</div>
				</div>
				</div>

<p>Pourquoi une rue aux Enfants? Les objectifs d&rsquo;un temps fort populaire Créer un moment convivial ouvert à tousDivertir et rassembler les enfants et les parents,Investir et réinvestir le quartier par des temps festifs,Promouvoir la vie du quartier reconquérir la rue, se réapproprier le quartier,Partager des échanges intergénérationnels,Lutter contre l’isolement,Faire vivre le quartier,Permettre à la population [&hellip;]</p>
